 97, 227
What are the prime factors of 13512630?
2, 3, 5, 450421
List the prime factors of 451848.
2, 3, 67, 281
What are the prime factors of 241178?
2, 7, 23, 107
List the prime factors of 2235930.
2, 3, 5, 74531
What are the prime factors of 1086843?
3, 362281
List the prime factors of 3619427.
7, 517061
What are the prime factors of 164355?
3, 5, 10957
List the prime factors of 6197056.
2, 37, 2617
List the prime factors of 521412.
2, 3, 43451
List the prime factors of 17636785.
5, 29, 121633
What are the prime factors of 5705453?
13, 19, 23099
List the prime factors of 29277134.
2, 71, 206177
What are the prime factors of 18544771?
7, 641, 4133
What are the prime factors of 17376078?
2, 3, 2896013
What are the prime factors of 529964?
2, 132491
What are the prime factors of 2582191?
61, 42331
List the prime factors of 410918.
2, 23, 8933
What are the prime factors of 6376367?
733, 8699
List the prime factors of 15957180.
2, 3, 5, 88651
List the prime factors of 3229276.
2, 47, 89, 193
What are the prime factors of 177790?
2, 5, 23, 773
List the prime factors of 877656.
2, 3, 13, 29, 97
What are the prime factors of 11021?
103, 107
List the prime factors of 10007757.
3, 47, 59, 401
What are the prime factors of 817761?
3, 7, 5563
What are the prime factors of 1303780?
2, 5, 19, 47, 73
What are the prime factors of 23097339?
3, 17, 50321
List the prime factors of 600213.
3, 29, 6899
List the prime factors of 910487.
41, 53, 419
What are the prime factors of 295740?
2, 3, 5, 31, 53
What are the prime factors of 24570536?
2, 3071317
List the prime factors of 206710.
2, 5, 7, 2953
List the prime factors of 287194.
2, 37, 3881
What are the prime factors of 69120?
2, 3, 5
What are the prime factors of 21413211?
3, 7137737
What are the prime factors of 181903?
181903
List the prime factors of 16411999.
29, 433, 1307
What are the prime factors of 17113016?
2, 17, 29, 4339
What are the prime factors of 13957555?
5, 29, 96259
What are the prime factors of 3157554?
2, 3, 47, 11197
What are the prime factors of 3439401?
3, 7, 163781
What are the prime factors of 1350828?
2, 3, 157, 239
What are the prime factors of 22427428?
2, 5606857
What are the prime factors of 9489264?
2, 3, 17, 29, 401
List the prime factors of 393341.
13, 79, 383
What are the prime factors of 122019?
3, 89, 457
What are the prime factors of 41529370?
2, 5, 4152937
List the prime factors of 255134.
2, 11, 11597
What are the prime factors of 85764?
2, 3, 7, 1021
List the prime factors of 808048.
2, 50503
What are the prime factors of 2186779?
7, 312397
What are the prime factors of 621618?
2, 3, 313, 331
List the prime factors of 4938348.
2, 3, 411529
What are the prime factors of 663138?
2, 3, 7, 19, 277
What are the prime factors of 386120?
2, 5, 7, 197
List the prime factors of 395592.
2, 3, 53, 311
List the prime factors of 37827.
3, 467
What are the prime factors of 2663029?
2663029
List the prime factors of 2143931.
41, 52291
What are the prime factors of 6089363?
7, 869909
List the prime factors of 920682.
2, 3, 7, 7307
List the prime factors of 1820540.
2, 5, 227, 401
What are the prime factors of 33894?
2, 3, 7, 269
What are the prime factors of 115762?
2, 57881
List the prime factors of 42058904.
2, 23, 228581
List the prime factors of 630703.
41, 15383
What are the prime factors of 186967?
11, 23, 739
What are the prime factors of 278962?
2, 101, 1381
What are the prime factors of 100272?
2, 3, 2089
What are the prime factors of 691055?
5, 41, 3371
List the prime factors of 337503.
3, 112501
What are the prime factors of 1824528?
2, 3, 38011
List the prime factors of 13523250.
2, 3, 5, 13, 19, 73
List the prime factors of 1541273.
1541273
List the prime factors of 193340.
2, 5, 7, 1381
What are the prime factors of 1442303?
79, 18257
What are the prime factors of 9031199?
17, 31, 17137
What are the prime factors of 1483948?
2, 349, 1063
What are the prime factors of 321883?
409, 787
List the prime factors of 4406334.
2, 3, 734389
List the prime factors of 57606.
2, 3, 9601
List the prime factors of 458437.
7, 79, 829
What are the prime factors of 1372824?
2, 3, 23, 829
What are the prime factors of 17208773?
89, 193357
What are the prime factors of 10323881?
251, 41131
What are the prime factors of 5634324?
2, 3, 53, 2953
What are the prime factors of 2291944?
2, 286493
List the prime factors of 1461785.
5, 13, 43, 523
What are the prime factors of 101757?
3, 107, 317
What are the prime factors of 1340247?
3, 191, 2339
What are the prime factors of 9195177?
3, 3065059
List the prime factors of 5208612.
2, 3, 421, 1031
List the prime factors of 151245.
3, 5, 3361
What are the prime factors of 241492?
2, 60373
What are the prime factors of 585747?
3, 37, 1759
What are the prime factors of 3914446?
2, 83, 23581
What are the prime factors of 5986130?
2, 5, 598613
List the prime factors of 52037.
17, 3061
List the prime factors of 7755038.
2, 281, 13799
What are the prime factors of 29117?
11, 2647
List the prime factors of 4059333.
3, 29, 103, 151
What are the prime factors of 104473?
104473
List the prime factors of 159406.
2, 13, 6131
What are the prime factors of 750185?
5, 59, 2543
What are the prime factors of 15161?
15161
What are the prime factors of 16375630?
2, 5, 1637563
List the prime factors of 2589168.
2, 3, 17, 19, 167
List the prime factors of 8887934.
2, 11, 19, 1933
What are the prime factors of 73275?
3, 5, 977
What are the prime factors of 1318854?
2, 3, 219809
What are the prime factors of 700923?
3, 233641
What are the prime factors of 85465?
5, 17093
List the prime factors of 925890.
2, 3, 5, 7, 4409
List the prime factors of 1461510.
2, 3, 5, 5413
What are the prime factors of 424157?
424157
List the prime factors of 1409497.
43, 32779
What are the prime factors of 3309014?
2, 151, 10957
List the prime factors of 4520670.
2, 3, 5, 7, 11, 19, 103
List the prime factors of 931406.
2, 7, 66529
List the prime factors of 2414989.
2414989
List the prime factors of 193737.
3, 64579
What are the prime factors of 14106107?
17, 23, 43, 839
List the prime factors of 134498.
2, 7, 13, 739
What are the prime factors of 250151?
11, 22741
List the prime factors of 12835691.
11, 739, 1579
What are the prime factors of 45883?
17, 2699
List the prime factors of 1245839.
7, 43, 4139
What are the prime factors of 274873?
17, 19, 23, 37
List the prime factors of 181177.
103, 1759
List the prime factors of 17531405.
5, 23, 157, 971
List the prime factors of 1433398.
2, 19, 67, 563
List the prime factors of 1078445.
5, 215689
List the prime factors of 3390927.
3, 647, 1747
List the prime factors of 6816198.
2, 3, 401, 2833
List the prime factors of 3864394.
2, 1932197
What are the prime factors of 1870741?
47, 53, 751
What are the prime factors of 55319?
11, 47, 107
What are the prime factors of 1476332?
2, 11, 13, 29, 89
List the prime factors of 234123.
3, 78041
What are the prime factors of 27573943?
27573943
What are the prime factors of 68958?
2, 3, 1277
List the prime factors of 283523.
227, 1249
List the prime factors of 59856.
2, 3, 29, 43
What are the prime factors of 3825659?
23, 47, 3539
List the prime factors of 4100895.
3, 5, 37, 821
List the prime factors of 41892.
2, 3, 3491
What are the prime factors of 21983498?
2, 47, 97, 2411
What are the prime factors of 632366?
2, 7, 17, 2657
List the prime factors of 99716.
2, 97, 257
What are the prime factors of 23934465?
3, 5, 531877
List the prime factors of 541058.
2, 7, 5521
What are the prime factors of 1170314?
2, 17, 34421
What are the prime factors of 23035781?
47, 89, 5507
List the prime factors of 12971765.
5, 17, 47, 191
What are the prime factors of 5531705?
5, 853, 1297
List the prime factors of 261309.
3, 87103
List the prime factors of 780115.
5, 7, 31, 719
What are the prime factors of 6347694?
2, 3, 29, 191
What are the prime factors of 1389675?
3, 5, 7, 2647
List the prime factors of 850873.
41, 20753
What are the prime factors of 589299?
3, 37, 5309
List the prime factors of 2094069.
3, 61, 11443
List the prime factors of 8998282.
2, 263, 17107
What are the prime factors of 183820?
2, 5, 7, 13, 101
What are the prime factors of 179757?
3, 19973
What are the prime factors of 89072?
2, 19, 293
